{"id":280,"date":"2016-08-12T13:21:08","date_gmt":"2016-08-12T13:21:08","guid":{"rendered":"https:\/\/www.rodilux.md\/?post_type=product&#038;p=280"},"modified":"2022-01-10T20:55:55","modified_gmt":"2022-01-10T20:55:55","slug":"green-apple-brightening-eye-cream","status":"publish","type":"product","link":"https:\/\/www.rodilux.md\/?product=green-apple-brightening-eye-cream","title":{"rendered":"REGENERATIVE CREAM\/ CREM\u0102 REGENERATIV\u0102 SPF 12"},"content":{"rendered":"<p><strong>50 ml<\/strong><\/p>\n<p>Crem\u0103 ultra-bogat\u0103 \u00een substan\u021be active. Contribuie la regenerarea, protejarea pielii de ac\u021biunea factorilor nocivi, reabiliteaz\u0103 \u021besuturile dup\u0103 orice procedur\u0103 invaziv\u0103. Este eficient\u0103 \u00een cazul dermatitelor, \u00eendeosebi celor care se caracterizeaz\u0103 prin tegumente foarte uscate, cicatrici post-acneice, riduri vizibile. Este ideal\u0103 \u00een tratamentul post-peeling, datorit\u0103 capacit\u0103\u021bii mari de regenerare. Se recomand\u0103 pentru tenul uscat \u0219i normal. Cei cu tenul gras, pot apela la Regenerative Cream doar iarna.<\/p>\n<p>De asemenea, aceast\u0103 crem\u0103 poate fi aplicat\u0103 \u0219i \u00een tratamentele ce \u021bin de domeniul podologiei. \u0218i asta deoarece alimenteaz\u0103 \u0219i revigoreaz\u0103 pielea de pe t\u0103lpi, mai exact, reprezint\u0103 un tratament pentru c\u0103lc\u00e2iele cr\u0103pate \u0219i aspre.<\/p>\n<p><strong>Mod de aplicare: <\/strong><\/p>\n<p>\u00cen tratamentul dermatitelor, se aplic\u0103 seara un strat sub\u021bire, p\u00e2n\u0103 se absoarbe. Nu se maseaz\u0103. Pentru tenul foarte uscat, se administreaz\u0103 ziua.<\/p>\n<p><strong>Substan\u021be active:<\/strong><\/p>\n<p>Acid hialuronic (HY), ulei de migdale, suc de castravete, coada-calului, \u0219ofran.<\/p>\n","protected":false},"excerpt":{"rendered":"<a href=\"#\" data-animation=\"animated fadeIn normal\" class=\"sc_button sc_button_square sc_button_style_default sc_button_size_small  sc_button_iconed icon-star\">PRODUSE DE \u00ceNGRIJIRE ACAS\u0102 <\/a>\n","protected":false},"featured_media":1164,"template":"","meta":[],"product_cat":[35,33],"product_tag":[128,127,40,38,39],"class_list":{"0":"post-280","1":"product","2":"type-product","3":"status-publish","4":"has-post-thumbnail","6":"product_cat-balanced","7":"product_cat-face-teraphy","8":"product_tag-balanced","9":"product_tag-crema-regenerativa","10":"product_tag-natural","11":"product_tag-organic","12":"product_tag-skincare","13":"product_shipping_class-america","15":"first","16":"outofstock","17":"shipping-taxable","18":"product-type-simple"},"_links":{"self":[{"href":"https:\/\/www.rodilux.md\/index.php?rest_route=\/wp\/v2\/product\/280","targetHints":{"allow":["GET"]}}],"collection":[{"href":"https:\/\/www.rodilux.md\/index.php?rest_route=\/wp\/v2\/product"}],"about":[{"href":"https:\/\/www.rodilux.md\/index.php?rest_route=\/wp\/v2\/types\/product"}],"wp:featuredmedia":[{"embeddable":true,"href":"https:\/\/www.rodilux.md\/index.php?rest_route=\/wp\/v2\/media\/1164"}],"wp:attachment":[{"href":"https:\/\/www.rodilux.md\/index.php?rest_route=%2Fwp%2Fv2%2Fmedia&parent=280"}],"wp:term":[{"taxonomy":"product_cat","embeddable":true,"href":"https:\/\/www.rodilux.md\/index.php?rest_route=%2Fwp%2Fv2%2Fproduct_cat&post=280"},{"taxonomy":"product_tag","embeddable":true,"href":"https:\/\/www.rodilux.md\/index.php?rest_route=%2Fwp%2Fv2%2Fproduct_tag&post=280"}],"curies":[{"name":"wp","href":"https:\/\/api.w.org\/{rel}","templated":true}]}}