{"id":1997,"date":"2022-04-14T13:55:23","date_gmt":"2022-04-14T13:55:23","guid":{"rendered":"https:\/\/www.rodilux.md\/?post_type=product&#038;p=1997"},"modified":"2022-04-14T13:56:41","modified_gmt":"2022-04-14T13:56:41","slug":"pro-acid-aged-skin","status":"publish","type":"product","link":"https:\/\/www.rodilux.md\/?product=pro-acid-aged-skin","title":{"rendered":"PRO-ACID AGED SKIN"},"content":{"rendered":"<p><strong>5\u00d74 ml pH: 2,1<\/strong><\/p>\n<p>Cocktail din Alfa hidroxi acizi.<\/p>\n<ol>\n<li><strong>Acidul piruvic<\/strong>\u00a0\u2013 mere, o\u021bet.<\/li>\n<li><strong>Acidul lactic<\/strong>\u00a0\u2013 lapte, bere.<\/li>\n<\/ol>\n<p>Solu\u021bioneaz\u0103 problemele pielii mature:<\/p>\n<ul>\n<li>\u00centinere\u0219te \u0219i regenereaz\u0103;<\/li>\n<li>Reduce ridurile statice (activizeaz\u0103 \u0219i \u00eent\u0103re\u0219te rela\u021biile intercelulare);<\/li>\n<li>\u00cembun\u0103t\u0103\u021be\u0219te densitatea pielii, lupt\u0103 \u00eempotriva ridurilor de expresie, lumineaz\u0103;<\/li>\n<li>Hidrateaz\u0103;<\/li>\n<li>Stimuleaz\u0103 producerea de colagen \u0219i elastin\u0103;<\/li>\n<li>Genereaz\u0103 regenerarea celulelor;<\/li>\n<li>Lupt\u0103 cu pigmenta\u021bia;<\/li>\n<li>Regleaz\u0103 producerea sebumului, cur\u0103\u021b\u0103 \u00een profunzime porii;<\/li>\n<li>Are efect antibacterian;<\/li>\n<li>Protejeaz\u0103 mantia hidrolipidic\u0103 a pielii.<\/li>\n<\/ul>\n<p>Pro-Acid Aged Skin este indicat:<\/p>\n<ul>\n<li>Pielii lipsite de flaciditate, deshidratate;<\/li>\n<li>Riduri;<\/li>\n<li>Pigmenta\u021bii;<\/li>\n<li>Foto\u00eemb\u0103tr\u00e2nire;<\/li>\n<li>Piele problematic\u0103, pori dilata\u021bi.<\/li>\n<\/ul>\n<p><strong>Important:<\/strong><\/p>\n<p>\u00cen calitate de neutralizator pentru peeling se va folosi The Rubber Balance (125 ml), din linia BASICS de la FR~HAUT.<\/p>\n<p><strong>Substan\u021be active:<\/strong><\/p>\n<p>Acid lactic 4,5% \u2013 (ob\u021binut prin fermentarea laptelui, merelor). Acid piruvic 40% \u2013 (ob\u021binut prin fermentarea o\u021betului, fructelor).<\/p>\n<h4 id=\"pro-acid-aged-skin-este-indicat\">Pro-Acid Aged Skin este indicat:<\/h4>\n<ul>\n<li>Pielii lipsite de flaciditate, deshidratate;<\/li>\n<li>Riduri;<\/li>\n<li>Pigmenta\u021bii;<\/li>\n<li>Foto\u00eemb\u0103tr\u00e2nire;<\/li>\n<\/ul>\n","protected":false},"excerpt":{"rendered":"<a href=\"https:\/\/www.rodilux.md\/?p=189\" data-animation=\"animated fadeIn normal\" class=\"sc_button sc_button_square sc_button_style_default sc_button_size_small  sc_button_iconed icon-star\">PRODUSE DE \u00ceNGRIJIRE PROFESIONAL\u0102 <\/a>\n","protected":false},"featured_media":1998,"template":"","meta":[],"product_cat":[80,33],"product_tag":[272,40,38,270,39],"class_list":{"0":"post-1997","1":"product","2":"type-product","3":"status-publish","4":"has-post-thumbnail","6":"product_cat-pro-acid","7":"product_cat-face-teraphy","8":"product_tag-aged-skin","9":"product_tag-natural","10":"product_tag-organic","11":"product_tag-pro-acid","12":"product_tag-skincare","13":"product_shipping_class-america","15":"first","16":"outofstock","17":"shipping-taxable","18":"product-type-simple"},"_links":{"self":[{"href":"https:\/\/www.rodilux.md\/index.php?rest_route=\/wp\/v2\/product\/1997","targetHints":{"allow":["GET"]}}],"collection":[{"href":"https:\/\/www.rodilux.md\/index.php?rest_route=\/wp\/v2\/product"}],"about":[{"href":"https:\/\/www.rodilux.md\/index.php?rest_route=\/wp\/v2\/types\/product"}],"wp:featuredmedia":[{"embeddable":true,"href":"https:\/\/www.rodilux.md\/index.php?rest_route=\/wp\/v2\/media\/1998"}],"wp:attachment":[{"href":"https:\/\/www.rodilux.md\/index.php?rest_route=%2Fwp%2Fv2%2Fmedia&parent=1997"}],"wp:term":[{"taxonomy":"product_cat","embeddable":true,"href":"https:\/\/www.rodilux.md\/index.php?rest_route=%2Fwp%2Fv2%2Fproduct_cat&post=1997"},{"taxonomy":"product_tag","embeddable":true,"href":"https:\/\/www.rodilux.md\/index.php?rest_route=%2Fwp%2Fv2%2Fproduct_tag&post=1997"}],"curies":[{"name":"wp","href":"https:\/\/api.w.org\/{rel}","templated":true}]}}