{"id":1984,"date":"2022-04-14T13:36:32","date_gmt":"2022-04-14T13:36:32","guid":{"rendered":"https:\/\/www.rodilux.md\/?post_type=product&#038;p=1984"},"modified":"2022-04-14T13:38:00","modified_gmt":"2022-04-14T13:38:00","slug":"powerful-retinol-gel-mask-masca-gel-cu-retinol","status":"publish","type":"product","link":"https:\/\/www.rodilux.md\/?product=powerful-retinol-gel-mask-masca-gel-cu-retinol","title":{"rendered":"POWERFUL RETINOL GEL MASK\/MASC\u0102-GEL CU RETINOL"},"content":{"rendered":"<div class=\"wp-block-media-text alignwide is-stacked-on-mobile\">\n<div class=\"wp-block-media-text__content\">\n<p><strong>250 ml<\/strong><\/p>\n<p>Masc\u0103-gel revigorant\u0103. A fost conceput\u0103 cu scopul de a\u00a0 reduce tensiunea pielii, \u00eembun\u0103t\u0103\u021bi liniile de expresie \u0219i de a preveni \u00eemb\u0103tr\u00e2nirea. Este indicat\u0103 pentru pieile ofilite, deshidratate, mature. E \u00eembog\u0103\u021bit\u0103 cu retinol \u0219i betacaroten. Albe\u0219te petele pigmentate, previne apari\u021bia petelor noi.<\/p>\n<p><strong>Mod de \u00eentrebuin\u021bare:<\/strong><\/p>\n<p>Se aplic\u0103 pe pielea matur\u0103, uscat\u0103, pigmentat\u0103. \u00cen Centrele de medicin\u0103 estetic\u0103, pe aceast\u0103 masc\u0103, se efectueaz\u0103 masajul. De regul\u0103, pentru tipul constitu\u021bional al scheletului fe\u021bei.<\/p>\n<p><strong>Substan\u021be active:<\/strong><\/p>\n<p>Retinol \u00eencapsulat, betacaroten, acid hialuronic (HY), argirelin\u0103, aloe vera, ulei din s\u00e2mburi de piersici, acid citric.<\/p>\n<\/div>\n<\/div>\n","protected":false},"excerpt":{"rendered":"<a href=\"https:\/\/www.rodilux.md\/?p=191\" data-animation=\"animated fadeIn normal\" class=\"sc_button sc_button_square sc_button_style_default sc_button_size_small  sc_button_iconed icon-star\">PRODUSE DE \u00ceNGRIJIRE PROFESIONAL\u0102 <\/a>\n","protected":false},"featured_media":1985,"template":"","meta":[],"product_cat":[78,33],"product_tag":[267,40,38,266,39,261],"class_list":{"0":"post-1984","1":"product","2":"type-product","3":"status-publish","4":"has-post-thumbnail","6":"product_cat-the-active","7":"product_cat-face-teraphy","8":"product_tag-gel-mask","9":"product_tag-natural","10":"product_tag-organic","11":"product_tag-retinol","12":"product_tag-skincare","13":"product_tag-the-active","14":"product_shipping_class-america","16":"first","17":"outofstock","18":"shipping-taxable","19":"product-type-simple"},"_links":{"self":[{"href":"https:\/\/www.rodilux.md\/index.php?rest_route=\/wp\/v2\/product\/1984","targetHints":{"allow":["GET"]}}],"collection":[{"href":"https:\/\/www.rodilux.md\/index.php?rest_route=\/wp\/v2\/product"}],"about":[{"href":"https:\/\/www.rodilux.md\/index.php?rest_route=\/wp\/v2\/types\/product"}],"wp:featuredmedia":[{"embeddable":true,"href":"https:\/\/www.rodilux.md\/index.php?rest_route=\/wp\/v2\/media\/1985"}],"wp:attachment":[{"href":"https:\/\/www.rodilux.md\/index.php?rest_route=%2Fwp%2Fv2%2Fmedia&parent=1984"}],"wp:term":[{"taxonomy":"product_cat","embeddable":true,"href":"https:\/\/www.rodilux.md\/index.php?rest_route=%2Fwp%2Fv2%2Fproduct_cat&post=1984"},{"taxonomy":"product_tag","embeddable":true,"href":"https:\/\/www.rodilux.md\/index.php?rest_route=%2Fwp%2Fv2%2Fproduct_tag&post=1984"}],"curies":[{"name":"wp","href":"https:\/\/api.w.org\/{rel}","templated":true}]}}