{"id":1966,"date":"2022-04-14T13:17:01","date_gmt":"2022-04-14T13:17:01","guid":{"rendered":"https:\/\/www.rodilux.md\/?post_type=product&#038;p=1966"},"modified":"2022-04-14T13:18:51","modified_gmt":"2022-04-14T13:18:51","slug":"face-neck-cream-mask-crema-masca-pentru-fata-gat","status":"publish","type":"product","link":"https:\/\/www.rodilux.md\/?product=face-neck-cream-mask-crema-masca-pentru-fata-gat","title":{"rendered":"FACE-NECK CREAM-MASK\/CREM\u0102-MASC\u0102 PENTRU FA\u021a\u0102-G\u00c2T"},"content":{"rendered":"<p><strong>250 ml\/50 ml<\/strong><\/p>\n<p>Crem\u0103-masc\u0103 inovativ\u0103 pentru pieile deshidratate, sensibile, cu semne de \u00eemb\u0103tr\u00e2nire. Umple ridurile, albe\u0219te, modeleaz\u0103 frumos conturul fe\u021bei. Dup\u0103 aplicarea cremei, pielea devine ferm\u0103, neted\u0103, hidratat\u0103 cum se cuvine.<\/p>\n<p>Substan\u021bele active Kigelia Africana \u0219i Commiphora Mukul- stimuleaz\u0103 autoregenerarea \u021besuturilor \u0219i hidrateaz\u0103 straturile \u00een profunzime. \u00cen acela\u0219i timp, \u00eent\u0103re\u0219te sistemul de ap\u0103rare al pielii afectate de factorii externi nocivi (expunere la soare, poluare, fumat, temperaturi \u00eenalte etc.).<\/p>\n<p><strong>Mod de aplicare:<\/strong><\/p>\n<p>Se aplic\u0103 pe pielea fe\u021bei, g\u00e2tului \u0219i decolteului, timp de 15 minute, dup\u0103 WHITE TEA LIFTING SERUM. Surplusul se \u00eenl\u0103tur\u0103 cu un \u0219erve\u021bel. \u00cen Centrele de medicin\u0103 estetic\u0103, Face-Neck Cream-Mask se aplic\u0103 pentru 15 minute \u0219i poate fi folosit\u0103 \u00een calitate de crem\u0103 pentru masaj, p\u00e2n\u0103 c\u00e2nd se absoarbe. E compatibil\u0103 cu RF, US. \u00cen urma aplic\u0103rii acestei creme, ridurile se minimalizeaz\u0103, se atenueaz\u0103 petele pigmentare, dispare ro\u0219ea\u021ba.<\/p>\n<p><strong>Substan\u021be active:<\/strong><\/p>\n<p>Kigelia Africana,\u00a0 Commiphora Mukul, Matrixyl tetra peptide, ulei din semin\u021be de struguri, ulei de migdale, ulei de camfor, floarea-soarelui, vitamina E.<\/p>\n","protected":false},"excerpt":{"rendered":"<a href=\"https:\/\/www.rodilux.md\/?p=192\" data-animation=\"animated fadeIn normal\" class=\"sc_button sc_button_square sc_button_style_default sc_button_size_small  sc_button_iconed icon-star\">PRODUSE DE \u00ceNGRIJIRE PROFESIONAL\u0102 <\/a>\n","protected":false},"featured_media":1967,"template":"","meta":[],"product_cat":[77,33],"product_tag":[260,40,38,39,252],"class_list":{"0":"post-1966","1":"product","2":"type-product","3":"status-publish","4":"has-post-thumbnail","6":"product_cat-white-thea","7":"product_cat-face-teraphy","8":"product_tag-face-neck-cream","9":"product_tag-natural","10":"product_tag-organic","11":"product_tag-skincare","12":"product_tag-white-tea","13":"product_shipping_class-america","15":"first","16":"outofstock","17":"shipping-taxable","18":"product-type-simple"},"_links":{"self":[{"href":"https:\/\/www.rodilux.md\/index.php?rest_route=\/wp\/v2\/product\/1966","targetHints":{"allow":["GET"]}}],"collection":[{"href":"https:\/\/www.rodilux.md\/index.php?rest_route=\/wp\/v2\/product"}],"about":[{"href":"https:\/\/www.rodilux.md\/index.php?rest_route=\/wp\/v2\/types\/product"}],"wp:featuredmedia":[{"embeddable":true,"href":"https:\/\/www.rodilux.md\/index.php?rest_route=\/wp\/v2\/media\/1967"}],"wp:attachment":[{"href":"https:\/\/www.rodilux.md\/index.php?rest_route=%2Fwp%2Fv2%2Fmedia&parent=1966"}],"wp:term":[{"taxonomy":"product_cat","embeddable":true,"href":"https:\/\/www.rodilux.md\/index.php?rest_route=%2Fwp%2Fv2%2Fproduct_cat&post=1966"},{"taxonomy":"product_tag","embeddable":true,"href":"https:\/\/www.rodilux.md\/index.php?rest_route=%2Fwp%2Fv2%2Fproduct_tag&post=1966"}],"curies":[{"name":"wp","href":"https:\/\/api.w.org\/{rel}","templated":true}]}}