{"id":1541,"date":"2022-01-30T20:36:19","date_gmt":"2022-01-30T20:36:19","guid":{"rendered":"https:\/\/www.rodilux.md\/?post_type=product&#038;p=1541"},"modified":"2022-05-10T08:27:40","modified_gmt":"2022-05-10T08:27:40","slug":"kit-citrus-care-treatment-kit-de-tratament-citrus-care","status":"publish","type":"product","link":"https:\/\/www.rodilux.md\/?product=kit-citrus-care-treatment-kit-de-tratament-citrus-care","title":{"rendered":"KIT CITRUS CARE TREATMENT\/KIT DE TRATAMENT CITRUS CARE"},"content":{"rendered":"\r\n<p>Kit de tratament de \u00eenfrumuse\u021bare conceput pentru a preveni foto\u00eemb\u0103tr\u00e2nirea \u0219i a o proteja de agresiunile mediului \u00eenconjur\u0103tor. Este destinat folosirii exclusiv \u00een centrele de medicin\u0103 estetic\u0103. Produsele din acest kit regenereaz\u0103 colagenul dermei, stimuleaz\u0103 func\u021bia de protec\u021bie a pielii, \u00eentinere\u0219te. Restabile\u0219te tegumentele dup\u0103 orice fel de ac\u021biune negativ\u0103 (administrarea medicamentelor, insola\u021bie, expunere la v\u00e2nt, fumat, diete etc.) Se poate folosi oric\u00e2nd pe parcursul anului, cel mai frecvent \u00een perioada de prim\u0103var\u0103-var\u0103.<\/p>\r\n\r\n\r\n\r\n<p class=\"has-large-font-size\">\u00a0<\/p>\r\n\r\n<p>&nbsp;<\/p>\r\n<!-- \/wp:post-content -->\r\n\r\n<!-- wp:separator {\"className\":\"is-style-default\"} --><hr class=\"wp-block-separator is-style-default\" \/><!-- \/wp:separator -->\r\n\r\n<!-- wp:heading {\"textAlign\":\"center\",\"level\":3} -->\r\n<h3 id=\"kit-ul-include\" class=\"has-text-align-center\"><strong>KIT-ul include:<\/strong><\/h3>\r\n<!-- \/wp:heading -->\r\n\r\n<!-- wp:separator {\"className\":\"is-style-default\"} --><hr class=\"wp-block-separator is-style-default\" \/><!-- \/wp:separator -->\r\n\r\n<!-- wp:columns -->\r\n<div class=\"wp-block-columns\"><!-- wp:column -->\r\n<div class=\"wp-block-column\"><!-- wp:heading {\"textAlign\":\"center\",\"level\":4} -->\r\n<h4 id=\"multi-vit-complex-complex-de-multivitamine-1\" class=\"has-text-align-center\"><strong>MULTI-VIT COMPLEX\/COMPLEX DE MULTIVITAMINE<\/strong><\/h4>\r\n<!-- \/wp:heading -->\r\n\r\n<!-- wp:paragraph -->\r\n<p><strong>3,5 ml<\/strong><\/p>\r\n<!-- \/wp:paragraph -->\r\n\r\n<!-- wp:paragraph -->\r\n<p>Ser cu o concentra\u021bie \u00eenalt\u0103 de vitamina C \u00eencapsulat\u0103. Regenereaz\u0103 pielea ofilit\u0103, flasc\u0103. O protejeaz\u0103 de radicalii liberi, o \u00eentinere\u0219te, umple depozitele de energie \u0219i \u00eei red\u0103 str\u0103lucire.<\/p>\r\n<!-- \/wp:paragraph -->\r\n\r\n<!-- wp:paragraph -->\r\n<p><strong>Substan\u021be active:<\/strong><\/p>\r\n<!-- \/wp:paragraph -->\r\n\r\n<!-- wp:paragraph -->\r\n<p>Vitamina C \u00eencapsulat\u0103, acizi gra\u0219i din ulei de rodie, extract din alge ro\u0219ii irlandeze, acid lactic, vitaminele A, E, F, lactoz\u0103, pantenol, acid linoleic.<\/p>\r\n<!-- \/wp:paragraph --><\/div>\r\n<!-- \/wp:column -->\r\n\r\n<!-- wp:column -->\r\n<div class=\"wp-block-column\"><!-- wp:heading {\"level\":4} -->\r\n<h4 id=\"citric-osmosis-masca-din-citrice-\u0219i-alge\"><strong>CITRIC OSMOSIS\/ MASC\u0102 DIN CITRICE \u0218I ALGE<\/strong><\/h4>\r\n<!-- \/wp:heading -->\r\n\r\n<!-- wp:paragraph -->\r\n<p><strong>30 g<\/strong><\/p>\r\n<!-- \/wp:paragraph -->\r\n\r\n<!-- wp:paragraph -->\r\n<p>Masc\u0103 f\u0103cut\u0103 din alge \u0219i acerola, cunoscut\u0103 \u0219i sub numele de vi\u0219in\u0103 tropical\u0103, un fruct care con\u021bine de 50 de ori mai mult\u0103 vitamina C dec\u00e2t portocala. Ajut\u0103 la penetrarea \u00een piele a substan\u021belor active aplicate.<\/p>\r\n<!-- \/wp:paragraph -->\r\n\r\n<!-- wp:paragraph -->\r\n<p><strong>Substan\u021be active:<\/strong><\/p>\r\n<!-- \/wp:paragraph -->\r\n\r\n<!-- wp:paragraph -->\r\n<p>Alginat, extract de acerola.<\/p>\r\n<!-- \/wp:paragraph --><\/div>\r\n<!-- \/wp:column --><\/div>\r\n<!-- \/wp:columns -->\r\n\r\n<!-- wp:columns -->\r\n<div class=\"wp-block-columns\"><!-- wp:column -->\r\n<div class=\"wp-block-column\"><!-- wp:heading {\"textAlign\":\"center\",\"level\":4} -->\r\n<h4 id=\"elixir-elixir\" class=\"has-text-align-center\"><strong>ELIXIR\/ELIXIR<\/strong><\/h4>\r\n<!-- \/wp:heading -->\r\n\r\n<!-- wp:paragraph -->\r\n<p><strong>4 ml<\/strong><\/p>\r\n<!-- \/wp:paragraph -->\r\n\r\n<!-- wp:paragraph -->\r\n<p>Un ser bogat \u00een coenzima Q10 \u0219i alantoin\u0103. Ajut\u0103 la regenerarea pielii, previne deshidratarea \u0219i \u00eei ofer\u0103 str\u0103lucire.<\/p>\r\n<!-- \/wp:paragraph -->\r\n\r\n<!-- wp:paragraph -->\r\n<p><strong>Substan\u021be active:<\/strong><\/p>\r\n<!-- \/wp:paragraph -->\r\n\r\n<!-- wp:paragraph -->\r\n<p>Extract din rodie, coenzima\u00a0 Q10, extract din flori de lucern\u0103, vitaminele A, E, alantoin\u0103, pantenol, acid citric, ulei de porumb.<\/p>\r\n<!-- \/wp:paragraph --><\/div>\r\n<!-- \/wp:column -->\r\n\r\n<!-- wp:column -->\r\n<div class=\"wp-block-column\"><!-- wp:heading {\"textAlign\":\"center\",\"level\":4} -->\r\n<h4 id=\"cream-mask-crema-masca\" class=\"has-text-align-center\"><strong>CREAM MASK\/CREM\u0102 MASC\u0102<\/strong><\/h4>\r\n<!-- \/wp:heading -->\r\n\r\n<!-- wp:paragraph -->\r\n<p><strong>5 ml<\/strong><\/p>\r\n<!-- \/wp:paragraph -->\r\n\r\n<!-- wp:paragraph -->\r\n<p>Crem\u0103 cu vitamina C \u00eencapsulat\u0103 \u0219i microsfere ob\u021binut\u0103 din rodie. Este o surs\u0103 bogat\u0103 \u00een ingrediente nutritive \u0219i acizi gra\u0219i esen\u021biali pentru frumuse\u021bea pielii. \u00cei red\u0103 tenului un aspect s\u0103n\u0103tos \u0219i \u00eengrijit.<\/p>\r\n<!-- \/wp:paragraph -->\r\n\r\n<!-- wp:paragraph -->\r\n<p><strong>Substan\u021be active:<\/strong><\/p>\r\n<!-- \/wp:paragraph -->\r\n\r\n<!-- wp:paragraph -->\r\n<p>Vitamina C \u00eencapsulat\u0103, acizi gra\u0219i din ulei de rodie,\u00a0 uleiul \u0218i, rapi\u021b\u0103, acid lactic, vitaminele A, E, bisabolol, proteine hidrolizate de gr\u00e2u, lactoz\u0103.<\/p>\r\n<!-- \/wp:paragraph --><\/div>\r\n<!-- \/wp:column --><\/div>\r\n<!-- \/wp:columns -->","protected":false},"excerpt":{"rendered":"<a href=\"https:\/\/www.rodilux.md\/?p=193\" data-animation=\"animated fadeIn normal\" class=\"sc_button sc_button_square sc_button_style_default sc_button_size_small  sc_button_iconed icon-star\">PRODUSE DE \u00ceNGRIJIRE PROFESIONAL\u0102 <\/a>\n","protected":false},"featured_media":1542,"template":"","meta":[],"product_cat":[76,33],"product_tag":[211,287,138,286,227,40,38,39,229,228],"class_list":{"0":"post-1541","1":"product","2":"type-product","3":"status-publish","4":"has-post-thumbnail","6":"product_cat-citrus-care","7":"product_cat-face-teraphy","8":"product_tag-citrus-care","9":"product_tag-decongestionare","10":"product_tag-detox","11":"product_tag-detoxifiere","12":"product_tag-kit","13":"product_tag-natural","14":"product_tag-organic","15":"product_tag-skincare","16":"product_tag-tratament","17":"product_tag-treatment","18":"product_shipping_class-america","20":"first","21":"outofstock","22":"shipping-taxable","23":"product-type-simple"},"_links":{"self":[{"href":"https:\/\/www.rodilux.md\/index.php?rest_route=\/wp\/v2\/product\/1541","targetHints":{"allow":["GET"]}}],"collection":[{"href":"https:\/\/www.rodilux.md\/index.php?rest_route=\/wp\/v2\/product"}],"about":[{"href":"https:\/\/www.rodilux.md\/index.php?rest_route=\/wp\/v2\/types\/product"}],"wp:featuredmedia":[{"embeddable":true,"href":"https:\/\/www.rodilux.md\/index.php?rest_route=\/wp\/v2\/media\/1542"}],"wp:attachment":[{"href":"https:\/\/www.rodilux.md\/index.php?rest_route=%2Fwp%2Fv2%2Fmedia&parent=1541"}],"wp:term":[{"taxonomy":"product_cat","embeddable":true,"href":"https:\/\/www.rodilux.md\/index.php?rest_route=%2Fwp%2Fv2%2Fproduct_cat&post=1541"},{"taxonomy":"product_tag","embeddable":true,"href":"https:\/\/www.rodilux.md\/index.php?rest_route=%2Fwp%2Fv2%2Fproduct_tag&post=1541"}],"curies":[{"name":"wp","href":"https:\/\/api.w.org\/{rel}","templated":true}]}}