{"id":1517,"date":"2022-01-30T19:54:31","date_gmt":"2022-01-30T19:54:31","guid":{"rendered":"https:\/\/www.rodilux.md\/?post_type=product&#038;p=1517"},"modified":"2022-01-30T19:56:49","modified_gmt":"2022-01-30T19:56:49","slug":"o2-blue-pearls-cream-crema-cu-perle-albastre-spf12","status":"publish","type":"product","link":"https:\/\/www.rodilux.md\/?product=o2-blue-pearls-cream-crema-cu-perle-albastre-spf12","title":{"rendered":"O2 BLUE PEARLS CREAM\/CREM\u0102 CU PERLE ALBASTRE SPF12"},"content":{"rendered":"<p><strong>50 ml\/100 ml<\/strong><\/p>\n<p>Crem\u0103 ultrabogat\u0103 \u00een oxigen. Este conceput\u0103 pentru tenurile lipsite de rigiditate, obosite, uscate \u0219i predispuse la cuperoz\u0103. Crema intensific\u0103 circula\u021bia sangvin\u0103, depigmenteaz\u0103, regenereaz\u0103, fortific\u0103 elasticitatea pielii. Reduce \u00een profunzime ridurile. Este indicat\u0103 celor care vor s\u0103 se bucure de un aspect revitalizat al tenului, \u00eentr-un termen scurt. Are efect imediat de lifting. Completeaz\u0103 lipsa de lipide \u00een piele, hidrateaz\u0103, este potrivit\u0103 pentru perioada rece a anului.<\/p>\n<p><strong>Mod de aplicare:<\/strong><\/p>\n<p>Se aplic\u0103 diminea\u021ba sau seara, pe piele curat\u0103, dup\u0103 O2 Concentrat, sau separat.<\/p>\n<p><strong>Substan\u021be active:<\/strong><\/p>\n<p>Telangyn\u2122, ulei de migdale dulci, extract de matur\u0103 de c\u00e2mp, vitaminele E \u0219i A, acid lactic, ginkgo biloba, glicoproteine, castan, lecitin\u0103.<\/p>\n","protected":false},"excerpt":{"rendered":"<a href=\"https:\/\/www.rodilux.md\/?p=194\" data-animation=\"animated fadeIn normal\" class=\"sc_button sc_button_square sc_button_style_default sc_button_size_small  sc_button_iconed icon-star\">PRODUSE DE \u00ceNGRIJIRE ACAS\u0102 <\/a>\n","protected":false},"featured_media":1518,"template":"","meta":[],"product_cat":[75,33],"product_tag":[201,202,153,40,38,194,203,39],"class_list":{"0":"post-1517","1":"product","2":"type-product","3":"status-publish","4":"has-post-thumbnail","6":"product_cat-75","7":"product_cat-face-teraphy","8":"product_tag-blue-pearls","9":"product_tag-cream","10":"product_tag-crema","11":"product_tag-natural","12":"product_tag-organic","13":"product_tag-oxygeno2","14":"product_tag-perle-albastre","15":"product_tag-skincare","16":"product_shipping_class-america","18":"first","19":"outofstock","20":"shipping-taxable","21":"product-type-simple"},"_links":{"self":[{"href":"https:\/\/www.rodilux.md\/index.php?rest_route=\/wp\/v2\/product\/1517","targetHints":{"allow":["GET"]}}],"collection":[{"href":"https:\/\/www.rodilux.md\/index.php?rest_route=\/wp\/v2\/product"}],"about":[{"href":"https:\/\/www.rodilux.md\/index.php?rest_route=\/wp\/v2\/types\/product"}],"wp:featuredmedia":[{"embeddable":true,"href":"https:\/\/www.rodilux.md\/index.php?rest_route=\/wp\/v2\/media\/1518"}],"wp:attachment":[{"href":"https:\/\/www.rodilux.md\/index.php?rest_route=%2Fwp%2Fv2%2Fmedia&parent=1517"}],"wp:term":[{"taxonomy":"product_cat","embeddable":true,"href":"https:\/\/www.rodilux.md\/index.php?rest_route=%2Fwp%2Fv2%2Fproduct_cat&post=1517"},{"taxonomy":"product_tag","embeddable":true,"href":"https:\/\/www.rodilux.md\/index.php?rest_route=%2Fwp%2Fv2%2Fproduct_tag&post=1517"}],"curies":[{"name":"wp","href":"https:\/\/api.w.org\/{rel}","templated":true}]}}