{"id":1515,"date":"2022-01-30T19:51:56","date_gmt":"2022-01-30T19:51:56","guid":{"rendered":"https:\/\/www.rodilux.md\/?post_type=product&#038;p=1515"},"modified":"2022-01-30T19:54:12","modified_gmt":"2022-01-30T19:54:12","slug":"o2-fluid-crema-fluida-cu-oxigen-o2-spf12","status":"publish","type":"product","link":"https:\/\/www.rodilux.md\/?product=o2-fluid-crema-fluida-cu-oxigen-o2-spf12","title":{"rendered":"O2 FLUID\/CREM\u0102 FLUID\u0102 CU OXIGEN O2 SPF12"},"content":{"rendered":"<p><strong>50 ml\/100 ml<\/strong><\/p>\n<p>Crem\u0103 foarte fluid\u0103 pentru piele sensibil\u0103, predispus\u0103 la cuperoz\u0103, dar \u0219i pentru tenul combinat. Conceput\u0103 pentru oxigenarea pielii asfixiate, cu mici pete \u0219i ro\u0219ea\u021b\u0103. Datorit\u0103 concentra\u021biei mari de Telangyn\u2122, circula\u021bia sangvin\u0103 se \u00eente\u021be\u0219te, iar pielea se albe\u0219te.<\/p>\n<p>Vasele sangvine se cur\u0103\u021b\u0103 de toxine, care, printr-un proces chimic, se neutralizeaz\u0103, viteza circula\u021biei sangvine revine la normal, celulele se oxigeneaz\u0103, iar metabolismul celular se revigoreaz\u0103. Ridurile se atenueaz\u0103, iar relieful pielii se contureaz\u0103 frumos.<\/p>\n<p><strong>Mod de aplicare:<\/strong><\/p>\n<p>Se aplic\u0103 diminea\u021ba sau seara, pe piele curat\u0103, dup\u0103 O2 Concentrat, sau separat. Se combin\u0103 cu serurile din gama de produse FR~HAUT.<\/p>\n<p><strong>Substan\u021be active:<\/strong><\/p>\n<p>Telangyn\u2122, ginkgo biloba, acid hialuronic (HY), lichen islandez, ulei de migdale dulci, extract de matur\u0103 de c\u00e2mp, brassica, theobroma cu flori mari, vitamina E, alantoin\u0103, bisabolol, proteine glicozilate, acid glutamic.<\/p>\n","protected":false},"excerpt":{"rendered":"<a href=\"https:\/\/www.rodilux.md\/?p=194\" data-animation=\"animated fadeIn normal\" class=\"sc_button sc_button_square sc_button_style_default sc_button_size_small  sc_button_iconed icon-star\">PRODUSE DE \u00ceNGRIJIRE ACAS\u0102 <\/a>\n","protected":false},"featured_media":1516,"template":"","meta":[],"product_cat":[75,33],"product_tag":[200,40,199,38,194,39],"class_list":{"0":"post-1515","1":"product","2":"type-product","3":"status-publish","4":"has-post-thumbnail","6":"product_cat-75","7":"product_cat-face-teraphy","8":"product_tag-crema-fluida","9":"product_tag-natural","10":"product_tag-o2-fluid","11":"product_tag-organic","12":"product_tag-oxygeno2","13":"product_tag-skincare","14":"product_shipping_class-america","16":"first","17":"outofstock","18":"shipping-taxable","19":"product-type-simple"},"_links":{"self":[{"href":"https:\/\/www.rodilux.md\/index.php?rest_route=\/wp\/v2\/product\/1515","targetHints":{"allow":["GET"]}}],"collection":[{"href":"https:\/\/www.rodilux.md\/index.php?rest_route=\/wp\/v2\/product"}],"about":[{"href":"https:\/\/www.rodilux.md\/index.php?rest_route=\/wp\/v2\/types\/product"}],"wp:featuredmedia":[{"embeddable":true,"href":"https:\/\/www.rodilux.md\/index.php?rest_route=\/wp\/v2\/media\/1516"}],"wp:attachment":[{"href":"https:\/\/www.rodilux.md\/index.php?rest_route=%2Fwp%2Fv2%2Fmedia&parent=1515"}],"wp:term":[{"taxonomy":"product_cat","embeddable":true,"href":"https:\/\/www.rodilux.md\/index.php?rest_route=%2Fwp%2Fv2%2Fproduct_cat&post=1515"},{"taxonomy":"product_tag","embeddable":true,"href":"https:\/\/www.rodilux.md\/index.php?rest_route=%2Fwp%2Fv2%2Fproduct_tag&post=1515"}],"curies":[{"name":"wp","href":"https:\/\/api.w.org\/{rel}","templated":true}]}}