{"id":1503,"date":"2022-01-30T19:02:17","date_gmt":"2022-01-30T19:02:17","guid":{"rendered":"https:\/\/www.rodilux.md\/?post_type=product&#038;p=1503"},"modified":"2022-01-30T19:05:27","modified_gmt":"2022-01-30T19:05:27","slug":"lipeye-care-plus-crema-pentru-ochi-si-buze-cu-hy","status":"publish","type":"product","link":"https:\/\/www.rodilux.md\/?product=lipeye-care-plus-crema-pentru-ochi-si-buze-cu-hy","title":{"rendered":"LIP&#038;EYE CARE PLUS\/CREM\u0102 PENTRU OCHI \u0218I BUZE CU HY+"},"content":{"rendered":"<p><strong>15 ml\/30 ml<\/strong><\/p>\n<p>Crem\u0103 pentru contururile buzelor \u0219i ochilor, cu un con\u021binut crescut de acid hialuronic \u0219i amino-peptide, care regenereaz\u0103, stimuleaz\u0103 produc\u021bia de colagen \u00een zona ochilor \u2013 ridurile mimice din regiunea periorbital\u0103. Extractul de alg\u0103 marin\u0103 (Alaria Esculenta) previne \u00eemb\u0103tr\u00e2nirea celulelor \u0219i erorile din procesul de replicare a ADN-ului. Dup\u0103 aplicarea cu regularitate a acestei creme, pielea devine mai neted\u0103, elastic\u0103 \u0219i sclipitoare. Reduce cearc\u0103nele, dreneaz\u0103 umfl\u0103turile, atenueaz\u0103 ridurile buzelor.<\/p>\n<p><strong>Mod de aplicare:<\/strong><\/p>\n<p>Se aplic\u0103 diminea\u021ba sau seara, pe pielea curat\u0103, deasupra spr\u00e2ncenelor, zona orbital\u0103, perioral\u0103, buze. Se tapoteaz\u0103 u\u0219or. Poate fi aplicat\u0103 dup\u0103 serul Aqua Rescue sau separat.<\/p>\n<p><strong>Substan\u021be active:<\/strong><\/p>\n<p>Acid hialuronic, vitaminele E \u0219i C, peptide, pantenol, extract de alg\u0103 marin\u0103 (Alaria Esculenta), m\u0103tur\u0103 de m\u0103celar, g\u0103lbenele, aloe vera, ulei de migdale dulci.<\/p>\n","protected":false},"excerpt":{"rendered":"<a href=\"https:\/\/www.rodilux.md\/?p=195\" data-animation=\"animated fadeIn normal\" class=\"sc_button sc_button_square sc_button_style_default sc_button_size_small  sc_button_iconed icon-star\">PRODUSE DE \u00ceNGRIJIRE ACAS\u0102 <\/a>\n","protected":false},"featured_media":1504,"template":"","meta":[],"product_cat":[74,33],"product_tag":[189,188,186,177,187,40,38,39],"class_list":{"0":"post-1503","1":"product","2":"type-product","3":"status-publish","4":"has-post-thumbnail","6":"product_cat-hy","7":"product_cat-face-teraphy","8":"product_tag-crema-pentru-buze","9":"product_tag-crema-pentru-ochi","10":"product_tag-eye-care","11":"product_tag-hy","12":"product_tag-lip-care","13":"product_tag-natural","14":"product_tag-organic","15":"product_tag-skincare","16":"product_shipping_class-america","18":"first","19":"outofstock","20":"shipping-taxable","21":"product-type-simple"},"_links":{"self":[{"href":"https:\/\/www.rodilux.md\/index.php?rest_route=\/wp\/v2\/product\/1503","targetHints":{"allow":["GET"]}}],"collection":[{"href":"https:\/\/www.rodilux.md\/index.php?rest_route=\/wp\/v2\/product"}],"about":[{"href":"https:\/\/www.rodilux.md\/index.php?rest_route=\/wp\/v2\/types\/product"}],"wp:featuredmedia":[{"embeddable":true,"href":"https:\/\/www.rodilux.md\/index.php?rest_route=\/wp\/v2\/media\/1504"}],"wp:attachment":[{"href":"https:\/\/www.rodilux.md\/index.php?rest_route=%2Fwp%2Fv2%2Fmedia&parent=1503"}],"wp:term":[{"taxonomy":"product_cat","embeddable":true,"href":"https:\/\/www.rodilux.md\/index.php?rest_route=%2Fwp%2Fv2%2Fproduct_cat&post=1503"},{"taxonomy":"product_tag","embeddable":true,"href":"https:\/\/www.rodilux.md\/index.php?rest_route=%2Fwp%2Fv2%2Fproduct_tag&post=1503"}],"curies":[{"name":"wp","href":"https:\/\/api.w.org\/{rel}","templated":true}]}}