{"id":1496,"date":"2022-01-30T18:46:48","date_gmt":"2022-01-30T18:46:48","guid":{"rendered":"https:\/\/www.rodilux.md\/?post_type=product&#038;p=1496"},"modified":"2022-01-30T18:50:47","modified_gmt":"2022-01-30T18:50:47","slug":"aqua-rescue-gel-hidratant","status":"publish","type":"product","link":"https:\/\/www.rodilux.md\/?product=aqua-rescue-gel-hidratant","title":{"rendered":"AQUA RESCUE\/GEL HIDRATANT"},"content":{"rendered":"<p><strong>50 ml<\/strong><\/p>\n<p>Este un ser pe baz\u0103 de acid hialuronic, cu masa molecular\u0103 ridicat\u0103 \u0219i sc\u0103zut\u0103. Are posibilitatea de a absorbi apa, p\u0103trunde \u00een\u00a0 toate straturile pielii, hidrat\u00e2nd-o \u00een totalitate, reduc\u00e2nd astfel imediat ridurile \u0219i liniile de expresie.<br \/>\nStimuleaz\u0103 produc\u021bia de elastin\u0103 \u0219i colagen. Este indicat pentru pielea deshidratat\u0103, sensibil\u0103, ofilit\u0103. Serul are o textur\u0103 u\u0219oar\u0103, este hipoalergenic, nu con\u021bine parfum.<\/p>\n<p><strong>Mod de aplicare:<\/strong><\/p>\n<p>Se aplic\u0103 diminea\u021ba \u0219i seara, pe pielea curat\u0103. Datorit\u0103 toleran\u021bei excelente, se poate aplica chiar \u0219i \u00een zonele mai sensibile, inclusiv \u00een jurul ochilor, pe pleoape. Dup\u0103 aplicarea serului Aqua Rescue, pielea devine ferm\u0103 \u0219i neted\u0103, ridurile mici, iar cele de expresie se atenueaz\u0103.<\/p>\n<p><strong>Substan\u021be active:<\/strong><\/p>\n<p>97% acid hialuronic(HY), 3% acid lactic.<\/p>\n","protected":false},"excerpt":{"rendered":"<a href=\"https:\/\/www.rodilux.md\/?p=195\" data-animation=\"animated fadeIn normal\" class=\"sc_button sc_button_square sc_button_style_default sc_button_size_small  sc_button_iconed icon-star\">PRODUSE DE \u00ceNGRIJIRE ACAS\u0102 <\/a>\n","protected":false},"featured_media":1497,"template":"","meta":[],"product_cat":[74,33],"product_tag":[178,179,177,40,38,39],"class_list":{"0":"post-1496","1":"product","2":"type-product","3":"status-publish","4":"has-post-thumbnail","6":"product_cat-hy","7":"product_cat-face-teraphy","8":"product_tag-aqua-rescue","9":"product_tag-gel-hidratant","10":"product_tag-hy","11":"product_tag-natural","12":"product_tag-organic","13":"product_tag-skincare","14":"product_shipping_class-america","16":"first","17":"outofstock","18":"shipping-taxable","19":"product-type-simple"},"_links":{"self":[{"href":"https:\/\/www.rodilux.md\/index.php?rest_route=\/wp\/v2\/product\/1496","targetHints":{"allow":["GET"]}}],"collection":[{"href":"https:\/\/www.rodilux.md\/index.php?rest_route=\/wp\/v2\/product"}],"about":[{"href":"https:\/\/www.rodilux.md\/index.php?rest_route=\/wp\/v2\/types\/product"}],"wp:featuredmedia":[{"embeddable":true,"href":"https:\/\/www.rodilux.md\/index.php?rest_route=\/wp\/v2\/media\/1497"}],"wp:attachment":[{"href":"https:\/\/www.rodilux.md\/index.php?rest_route=%2Fwp%2Fv2%2Fmedia&parent=1496"}],"wp:term":[{"taxonomy":"product_cat","embeddable":true,"href":"https:\/\/www.rodilux.md\/index.php?rest_route=%2Fwp%2Fv2%2Fproduct_cat&post=1496"},{"taxonomy":"product_tag","embeddable":true,"href":"https:\/\/www.rodilux.md\/index.php?rest_route=%2Fwp%2Fv2%2Fproduct_tag&post=1496"}],"curies":[{"name":"wp","href":"https:\/\/api.w.org\/{rel}","templated":true}]}}