{"id":1464,"date":"2022-01-30T17:31:57","date_gmt":"2022-01-30T17:31:57","guid":{"rendered":"https:\/\/www.rodilux.md\/?post_type=product&#038;p=1464"},"modified":"2022-01-30T17:39:25","modified_gmt":"2022-01-30T17:39:25","slug":"sun-protector-spf-50-crema-pentru-protectie-solara","status":"publish","type":"product","link":"https:\/\/www.rodilux.md\/?product=sun-protector-spf-50-crema-pentru-protectie-solara","title":{"rendered":"SUN PROTECTOR SPF 50\/CREM\u0102 PENTRU PROTEC\u021aIE SOLAR\u0102"},"content":{"rendered":"<p><strong>50 ml\/100 ml<\/strong><\/p>\n<p>Crem\u0103 pentru protec\u021bie solar\u0103, de ultim\u0103 genera\u021bie. Protejeaz\u0103 eficient pielea \u00eempotriva radia\u021biilor solare UVA \u0219i UVB, echilibreaz\u0103 func\u021bia de formare de melanin\u0103 \u00een melanocite, ob\u021bin\u00e2nd, \u00een acela\u0219i timp, bronzul perfect \u0219i hidratare pe m\u0103sur\u0103.<\/p>\n<p>Are ac\u021biune antioxidant\u0103 \u0219i efect anti-\u00eemb\u0103tr\u00e2nire. Datorit\u0103 formulei sale u\u0219oare, a texturii catifelate, crema se absoarbe cu u\u0219urin\u021b\u0103 \u0219i se potrive\u0219te tuturor tipurilor de ten. Este un produs non-comedogenic, care previne apari\u021bia leziunilor de acnee sau agravarea celor existente. Nu las\u0103 urme albe pe piele. Rezistent\u0103 la ap\u0103 \u0219i transpira\u021bie.<\/p>\n<p><strong>Mod de aplicare:<\/strong><\/p>\n<p>Se aplica diminea\u021ba, apoi la fiecare patru ore. Se recomand\u0103 ca \u00eenainte de folosirea cremei pentru protec\u021bie solar\u0103, s\u0103 se aplice unul dintre serurile sau cremele din gama EVEN, potrivite tenului. Crema poate fi aplicat\u0103 \u0219i dup\u0103 machiaj, f\u0103r\u0103 sa-l strice, deoarece include filtre fizico-chimice care protejeaz\u0103 pielea de razele UV.<\/p>\n<p><strong>Substan\u021be active:<\/strong>\u00a0Cromabright\u00ae, vitamina E, soia, dioxid de titan, octocrilen, bisabolol, pirocton olamine, clorur\u0103 de argint.<\/p>\n","protected":false},"excerpt":{"rendered":"<a href=\"https:\/\/www.rodilux.md\/?p=197\" data-animation=\"animated fadeIn normal\" class=\"sc_button sc_button_square sc_button_style_default sc_button_size_small  sc_button_iconed icon-star\">PRODUSE DE \u00ceNGRIJIRE ACAS\u0102 <\/a>\n","protected":false},"featured_media":1465,"template":"","meta":[],"product_cat":[34,33],"product_tag":[145,40,38,158,39,157],"class_list":{"0":"post-1464","1":"product","2":"type-product","3":"status-publish","4":"has-post-thumbnail","6":"product_cat-even","7":"product_cat-face-teraphy","8":"product_tag-even","9":"product_tag-natural","10":"product_tag-organic","11":"product_tag-protectie-solara","12":"product_tag-skincare","13":"product_tag-sun-protector","14":"product_shipping_class-america","16":"first","17":"outofstock","18":"shipping-taxable","19":"product-type-simple"},"_links":{"self":[{"href":"https:\/\/www.rodilux.md\/index.php?rest_route=\/wp\/v2\/product\/1464","targetHints":{"allow":["GET"]}}],"collection":[{"href":"https:\/\/www.rodilux.md\/index.php?rest_route=\/wp\/v2\/product"}],"about":[{"href":"https:\/\/www.rodilux.md\/index.php?rest_route=\/wp\/v2\/types\/product"}],"wp:featuredmedia":[{"embeddable":true,"href":"https:\/\/www.rodilux.md\/index.php?rest_route=\/wp\/v2\/media\/1465"}],"wp:attachment":[{"href":"https:\/\/www.rodilux.md\/index.php?rest_route=%2Fwp%2Fv2%2Fmedia&parent=1464"}],"wp:term":[{"taxonomy":"product_cat","embeddable":true,"href":"https:\/\/www.rodilux.md\/index.php?rest_route=%2Fwp%2Fv2%2Fproduct_cat&post=1464"},{"taxonomy":"product_tag","embeddable":true,"href":"https:\/\/www.rodilux.md\/index.php?rest_route=%2Fwp%2Fv2%2Fproduct_tag&post=1464"}],"curies":[{"name":"wp","href":"https:\/\/api.w.org\/{rel}","templated":true}]}}