{"id":1460,"date":"2022-01-30T17:15:11","date_gmt":"2022-01-30T17:15:11","guid":{"rendered":"https:\/\/www.rodilux.md\/?post_type=product&#038;p=1460"},"modified":"2022-01-30T17:18:38","modified_gmt":"2022-01-30T17:18:38","slug":"bleaching-cream-crema-pentru-albire-care-mentine-rezultatele-obtinute","status":"publish","type":"product","link":"https:\/\/www.rodilux.md\/?product=bleaching-cream-crema-pentru-albire-care-mentine-rezultatele-obtinute","title":{"rendered":"BLEACHING CREAM\/CREM\u0102 PENTRU ALBIRE, CARE MEN\u021aINE REZULTATELE OB\u021aINUTE"},"content":{"rendered":"<p><strong>50 ml<\/strong><\/p>\n<p>Crem\u0103 bogat\u0103 \u00een substan\u021be active de depigmentare \u0219i regenerare. Albe\u0219te petele delicate, previne apari\u021bia celor noi, reeduc\u0103 func\u021bia melanocitelor.<\/p>\n<p>Cocktailul de acizi pe care \u00eel con\u021bine aceast\u0103 crem\u0103 ajut\u0103 la men\u021binerea rezultatelor ob\u021binute, dup\u0103\u00a0 administrarea cremei pentru tratament de la EVEN \u2013 Strong Bleaching Cream. Atenueaz\u0103 ridurile \u0219i regleaz\u0103 func\u021bia glandelor sebacee.<\/p>\n<p><strong>Mod de aplicare:<\/strong><\/p>\n<p>Se aplic\u0103 diminea\u021ba, dup\u0103 Spot Corrector Serum, sau separat. La doar c\u00e2teva zile de la aplicare, pielea devine mai luminoas\u0103, elastic\u0103, hidratat\u0103 \u0219i cu o textur\u0103 uniform\u0103.<\/p>\n<p><strong>Substan\u021be active:<\/strong><\/p>\n<p>Cromabright\u00ae, lemn dulce, alfa arbutin\u0103, acid coic, glicolic, acid hialuronic, retinol, vitamina C, glicerin\u0103 vegetal\u0103.<\/p>\n","protected":false},"excerpt":{"rendered":"<a href=\"https:\/\/www.rodilux.md\/?p=197\" data-animation=\"animated fadeIn normal\" class=\"sc_button sc_button_square sc_button_style_default sc_button_size_small  sc_button_iconed icon-star\">PRODUSE DE \u00ceNGRIJIRE ACAS\u0102 <\/a>\n","protected":false},"featured_media":1461,"template":"","meta":[],"product_cat":[34,33],"product_tag":[151,152,153,145,40,38,39],"class_list":{"0":"post-1460","1":"product","2":"type-product","3":"status-publish","4":"has-post-thumbnail","6":"product_cat-even","7":"product_cat-face-teraphy","8":"product_tag-albire","9":"product_tag-bleaching-cream","10":"product_tag-crema","11":"product_tag-even","12":"product_tag-natural","13":"product_tag-organic","14":"product_tag-skincare","15":"product_shipping_class-america","17":"first","18":"outofstock","19":"shipping-taxable","20":"product-type-simple"},"_links":{"self":[{"href":"https:\/\/www.rodilux.md\/index.php?rest_route=\/wp\/v2\/product\/1460","targetHints":{"allow":["GET"]}}],"collection":[{"href":"https:\/\/www.rodilux.md\/index.php?rest_route=\/wp\/v2\/product"}],"about":[{"href":"https:\/\/www.rodilux.md\/index.php?rest_route=\/wp\/v2\/types\/product"}],"wp:featuredmedia":[{"embeddable":true,"href":"https:\/\/www.rodilux.md\/index.php?rest_route=\/wp\/v2\/media\/1461"}],"wp:attachment":[{"href":"https:\/\/www.rodilux.md\/index.php?rest_route=%2Fwp%2Fv2%2Fmedia&parent=1460"}],"wp:term":[{"taxonomy":"product_cat","embeddable":true,"href":"https:\/\/www.rodilux.md\/index.php?rest_route=%2Fwp%2Fv2%2Fproduct_cat&post=1460"},{"taxonomy":"product_tag","embeddable":true,"href":"https:\/\/www.rodilux.md\/index.php?rest_route=%2Fwp%2Fv2%2Fproduct_tag&post=1460"}],"curies":[{"name":"wp","href":"https:\/\/api.w.org\/{rel}","templated":true}]}}