{"id":1161,"date":"2022-01-08T23:12:24","date_gmt":"2022-01-08T23:12:24","guid":{"rendered":"https:\/\/www.rodilux.md\/?post_type=product&#038;p=1161"},"modified":"2022-05-10T08:19:49","modified_gmt":"2022-05-10T08:19:49","slug":"golden-gel-gel-cu-particule-de-aur","status":"publish","type":"product","link":"https:\/\/www.rodilux.md\/?product=golden-gel-gel-cu-particule-de-aur","title":{"rendered":"GOLDEN GEL\/GEL CU PARTICULE DE AUR"},"content":{"rendered":"<p><strong>50 ml\/100 ml<\/strong><\/p>\n<p>Gel care con\u021bine particule fine de aur, foarte bogat \u00een substan\u021be active, care stimuleaz\u0103 intens circula\u021bia sanguin\u0103, calmeaz\u0103 rapid inflama\u021biile, irita\u021biile \u0219i pruritul. Este de ne\u00eenlocuit \u00een cazul dermatitelor. Este eficient \u00eendeosebi atunci c\u00e2nd apar primele senza\u021bii ale unui eventual proces inflamator. \u00cen ceea ce prive\u0219te v\u00e2rstnicii, Golden Gel reprezint\u0103 un remediu anti-\u00eemb\u0103tr\u00e2nire, mai ales pe timpul iernii, care poate fi aplicat ca o crem\u0103, ziua.<\/p>\n<p><strong>Mod de aplicare: <\/strong><\/p>\n<p>Se aplic\u0103 diminea\u021ba\/seara pe pielea curat\u0103, p\u00e2n\u0103 se absoarbe. \u00cen centrele de medicin\u0103 estetic\u0103, gelul este utilizat pentru calmarea irita\u021biilor pielii. \u00cen primele cinci minute dup\u0103 aplicarea acestui produs, pacientul va avea o senza\u021bie tranzitorie de c\u0103ldur\u0103 sau usturime u\u0219oar\u0103. \u0218i asta datorit\u0103 substan\u021belor active, care stimuleaz\u0103 intens circula\u021bia sangvin\u0103.<\/p>\n<p><strong>Substan\u021be active:<\/strong><\/p>\n<p>Aur, lipide din lapte, ceramide 3, acid hialuronic (HY), pantenol, extract de smochine chineze\u0219ti.<\/p>\n","protected":false},"excerpt":{"rendered":"<a href=\"https:\/\/www.rodilux.md\/?p=198\" data-animation=\"animated fadeIn normal\" class=\"sc_button sc_button_square sc_button_style_default sc_button_size_small  sc_button_iconed icon-star\">PRODUSE DE \u00ceNGRIJIRE ACAS\u0102 <\/a>\n","protected":false},"featured_media":1160,"template":"","meta":[],"product_cat":[35,33],"product_tag":[42,287,138,286,121,40,38,39],"class_list":{"0":"post-1161","1":"product","2":"type-product","3":"status-publish","4":"has-post-thumbnail","6":"product_cat-balanced","7":"product_cat-face-teraphy","8":"product_tag-beauty","9":"product_tag-decongestionare","10":"product_tag-detox","11":"product_tag-detoxifiere","12":"product_tag-golden-gel","13":"product_tag-natural","14":"product_tag-organic","15":"product_tag-skincare","16":"product_shipping_class-europe","18":"first","19":"outofstock","20":"shipping-taxable","21":"product-type-simple"},"_links":{"self":[{"href":"https:\/\/www.rodilux.md\/index.php?rest_route=\/wp\/v2\/product\/1161","targetHints":{"allow":["GET"]}}],"collection":[{"href":"https:\/\/www.rodilux.md\/index.php?rest_route=\/wp\/v2\/product"}],"about":[{"href":"https:\/\/www.rodilux.md\/index.php?rest_route=\/wp\/v2\/types\/product"}],"wp:featuredmedia":[{"embeddable":true,"href":"https:\/\/www.rodilux.md\/index.php?rest_route=\/wp\/v2\/media\/1160"}],"wp:attachment":[{"href":"https:\/\/www.rodilux.md\/index.php?rest_route=%2Fwp%2Fv2%2Fmedia&parent=1161"}],"wp:term":[{"taxonomy":"product_cat","embeddable":true,"href":"https:\/\/www.rodilux.md\/index.php?rest_route=%2Fwp%2Fv2%2Fproduct_cat&post=1161"},{"taxonomy":"product_tag","embeddable":true,"href":"https:\/\/www.rodilux.md\/index.php?rest_route=%2Fwp%2Fv2%2Fproduct_tag&post=1161"}],"curies":[{"name":"wp","href":"https:\/\/api.w.org\/{rel}","templated":true}]}}